{"id":23,"date":"2020-01-14T15:30:06","date_gmt":"2020-01-14T15:30:06","guid":{"rendered":"https:\/\/hhk3.kau.se\/relearn\/?page_id=23"},"modified":"2020-09-29T08:18:21","modified_gmt":"2020-09-29T08:18:21","slug":"om-projektet","status":"publish","type":"page","link":"https:\/\/hhk3.kau.se\/relearn\/om-projektet\/","title":{"rendered":"Om projektet"},"content":{"rendered":"<p class=\"entry-title\">Re:Learn \u2013 en \u00f6ppen n\u00e4tbaserad plattform<\/p>\n<p>Projektet syftar till att skapa en digital plattform f\u00f6r kollaborativt l\u00e4rande i fr\u00e5gor som r\u00f6r studenters informationskompetens och akademiska skrivande. N\u00e5gra av fr\u00e5gorna som \u00e4r drivkraft i projektet \u00e4r:<\/p>\n<ul>\n<li>Hur f\u00f6rh\u00e5ller vi som undervisar i informationskompetens oss till de olika nationella och internationella ramverk och riktlinjer som publiceras?<\/li>\n<li>Hur kan vi skapa en gemensam plattform f\u00f6r utbyte av id\u00e9er och verktyg?<\/li>\n<li>Hur skapar vi en gemensam \u201cbest practice\u201d?<\/li>\n<li>Hur hittar vi nya arbetss\u00e4tt och hur utvecklar vi nya metoder f\u00f6r skrivhandledare och bibliotekarier att arbeta tillsammans?<\/li>\n<\/ul>\n<p>M\u00e5lgruppen f\u00f6r kursen \u00e4r undervisande bibliotekarier och skrivhandledare vid svenska universitets- och h\u00f6gskolebibliotek.<\/p>\n<p>Arbetet startade i b\u00f6rjan av 2020 men avstannade pga covid-19. Omstart sker under h\u00f6sten 2020 med ambitionen att plattformen ska kunna anv\u00e4ndas av en testgrupp under v\u00e5ren 2021.<\/p>\n<p>Projektet \u00e4r finansierat av Svensk biblioteksf\u00f6rening.<\/p>\n","protected":false},"excerpt":{"rendered":"<p>Re:Learn \u2013 en \u00f6ppen n\u00e4tbaserad plattform Projektet syftar till att skapa en digital plattform f\u00f6r kollaborativt l\u00e4rande i fr\u00e5gor som r\u00f6r studenters informationskompetens och akademiska skrivande. N\u00e5gra av fr\u00e5gorna som \u00e4r drivkraft i projektet \u00e4r: Hur f\u00f6rh\u00e5ller vi som undervisar i informationskompetens oss till de olika nationella och internationella ramverk och riktlinjer som publiceras? Hur [&hellip;]<\/p>\n","protected":false},"author":148,"featured_media":0,"parent":0,"menu_order":0,"comment_status":"closed","ping_status":"closed","template":"","meta":{"footnotes":""},"class_list":["post-23","page","type-page","status-publish","hentry"],"_links":{"self":[{"href":"https:\/\/hhk3.kau.se\/relearn\/wp-json\/wp\/v2\/pages\/23","targetHints":{"allow":["GET"]}}],"collection":[{"href":"https:\/\/hhk3.kau.se\/relearn\/wp-json\/wp\/v2\/pages"}],"about":[{"href":"https:\/\/hhk3.kau.se\/relearn\/wp-json\/wp\/v2\/types\/page"}],"author":[{"embeddable":true,"href":"https:\/\/hhk3.kau.se\/relearn\/wp-json\/wp\/v2\/users\/148"}],"replies":[{"embeddable":true,"href":"https:\/\/hhk3.kau.se\/relearn\/wp-json\/wp\/v2\/comments?post=23"}],"version-history":[{"count":7,"href":"https:\/\/hhk3.kau.se\/relearn\/wp-json\/wp\/v2\/pages\/23\/revisions"}],"predecessor-version":[{"id":104,"href":"https:\/\/hhk3.kau.se\/relearn\/wp-json\/wp\/v2\/pages\/23\/revisions\/104"}],"wp:attachment":[{"href":"https:\/\/hhk3.kau.se\/relearn\/wp-json\/wp\/v2\/media?parent=23"}],"curies":[{"name":"wp","href":"https:\/\/api.w.org\/{rel}","templated":true}]}}